70. Calculate the greatest common divisor of 98 and n.
14
Let l be 707 - ((-68)/10 - (-28)/35). What is the highest common factor of l and 62?
31
Suppose -4*h - g + 0*g + 162 = 0, 203 = 5*h + g. Let f = h - -16. What is the highest common factor of f and 38?
19
Suppose 869 = 4*s + 5*k, 3*s - 5*s + 3*k = -451. What is the greatest common factor of s and 91?
13
Let d be (-1)/2 - (-2)/12*99. Calculate the highest common factor of d and 64.
16
Suppose -v = -3*v + 344. Let n = v - 103. Let i be (-4)/6 - 140/(-3). Calculate the greatest common factor of n and i.
23
Let w = 72 + -37. Suppose -i - w = -6*i. Suppose -i*u - 3 = -10*u. What is the greatest common divisor of u and 3?
1
Suppose 2 = 4*g - 6. Suppose 26*z = -35 + 9. Let k be -1 + (g + z - -46). What is the highest common divisor of 23 and k?
23
Let r(s) = 40*s - 68. Let x be r(9). Suppose 62 - x = -10*l. Calculate the highest common divisor of l and 92.
23
Suppose 0 = -3*i - 2*c + 274, -i + 5*c + 71 + 9 = 0. Calculate the highest common divisor of i and 36.
18
Suppose 28*w - 33*w + 100 = 0. Suppose -23 = -c - 8. What is the greatest common factor of w and c?
5
Let k(j) = 12*j. Let a be k(-1). Let t = a + 28. What is the highest common factor of t and 160?
16
Suppose 0*q + 57 = -3*q. Let c = q - -23. Suppose 4*n + 48 - 4 = 3*z, -20 = c*n. What is the greatest common factor of z and 24?
8
Suppose -2*f = -i + 5, -17*f + 12*f - 15 = -5*i. What is the highest common divisor of 14 and i?
1
Let m = 272 - 200. Calculate the greatest common divisor of m and 8.
8
Let v be 10/(-25) + (-14)/(-10). Suppose -7*f + 5*f = -6. Suppose 3*a = -5*y - 11, 11 = 5*a + 4*y - f*y. What is the highest common factor of a and v?
1
Let k = -19 - -6. Let u = k - -16. Suppose 0 = 2*x + 3*x - u*r - 88, -x + 28 = 2*r. Calculate the greatest common factor of x and 5.
5
Let k = 38 - 49. Let l be k/3*(-4 + -5). What is the highest common factor of l and 297?
33
Let u = -1675 + 1765. Calculate the highest common divisor of u and 432.
18
Let v = 66 + -13. Let x = -31 + v. What is the greatest common factor of 110 and x?
22
Let c(r) = -r**3 - 2 + 0*r**3 + 5*r**2 - 3*r - 5*r**2. Let t be c(-1). Let u(d) = 3*d**3 - 2. Let v be u(t). What is the highest common divisor of 55 and v?
11
Let h be -3*4*8/(-12). Let w(f) = 5*f**2 + f - 20. Let y be w(-4). Calculate the highest common divisor of h and y.
8
Let q = 143 + -115. Calculate the greatest common factor of q and 182.
14
Let r(g) = -2*g**2 - g + 2. Let u be r(-3). Let p be (2 - -1) + 11 + u. Calculate the highest common divisor of 3 and p.
1
Let h = -135 - -344. What is the highest common divisor of 22 and h?
11
Suppose -7*o - 3 + 360 = 0. What is the greatest common divisor of o and 136?
17
Let o = 374 + -356. Let l = 184 - 94. What is the highest common factor of o and l?
18
Let p be 8/(-100) + 981/75. Suppose -x = 2*x + 4*s, 2*x = -2*s. Suppose x = -4*k + 247 - 39. What is the highest common factor of k and p?
13
Suppose 0*q - 2*q = -58. Let j = q + 41. Suppose j = 4*v + 2*c, -3*c - 2*c - 53 = -2*v. Calculate the highest common divisor of 171 and v.
19
Let k be -2 + 12/((-24)/(-14)). What is the greatest common divisor of 510 and k?
5
Let l = 157 - 57. What is the highest common factor of l and 4?
4
Suppose -3*d = -7*d + 12. Suppose -36 = -3*v - 24. Suppose -2*i + 0*i = -v. Calculate the highest common divisor of d and i.
1
Suppose -2*a = 5*u - 1 - 19, -2*u + 4 = 0. Let o be 6/(-33) - (a - (-1275)/(-55)). Calculate the greatest common divisor of o and 72.
18
Let s be 2/10 - (-476)/20. Let r(n) = 2*n**2 - 12*n + 22. Let d be r(7). Calculate the greatest common divisor of d and s.
12
Let c = 163 + -128. What is the greatest common divisor of 595 and c?
35
Let d be 4/20 + (-38)/(-10). Suppose -73 + 13 = -4*a - d*n, 4*a + 2*n - 68 = 0. Let m = -1 + a. Calculate the highest common divisor of 2 and m.
2
Let o = -319 - -323. What is the greatest common divisor of 22 and o?
2
Suppose 3*q + 2*q - 6594 = -3*b, -b = -4*q + 5282. Calculate the highest common factor of 20 and q.
20
Suppose 2*r - 4 = -4*q, 3*q + 0 = r - 2. Suppose -5*k - 2*y + q*y = -192, 3*k + 2*y - 112 = 0. Calculate the highest common factor of k and 10.
10
Let s(a) = -2 - 1 - 490*a**2 + 491*a**2 - 6*a. Let t be s(-2). Calculate the greatest common factor of 91 and t.
13
Suppose 3*p + 76 = 8*p - 2*j, 3*p + j = 39. Suppose -11 + 2 = -9*n. Let y be n - (-10 + 5 + -1). What is the greatest common factor of p and y?
7
Suppose 140 = 25*n - 23*n. What is the greatest common divisor of n and 42?
14
Let k be (-3)/(-1) + (-216)/(-12). What is the greatest common divisor of k and 175?
7
Let g = -157 - -151. Let w(x) be the second derivative of -x**3/6 + 2*x**2 + x. Let q be w(g). Calculate the greatest common divisor of 30 and q.
10
Suppose -1647 = -12*f + 8721. What is the highest common divisor of f and 12?
12
Let l(p) = 2*p**2 + p - 1. Let b be l(-4). Let x = -33 - -33. Suppose d - 5 = x, 3*g - 7*g + 92 = 4*d. Calculate the highest common divisor of b and g.
9
Let t = -647 + 701. What is the greatest common factor of 216 and t?
54
Suppose -4*l - z + 12 = 0, -4*l + z = -0 - 12. Suppose l*j = -5*j + 96. Calculate the greatest common factor of j and 12.
12
Let h be 1*((1 - 1) + 2). Let b = 117 - 115. Suppose 3*a - 17 = 5*g, h*g = -b*a + g + 33. What is the highest common divisor of a and 7?
7
Let c = 20 - 23. Let m = c + 21. What is the highest common factor of 45 and m?
9
Let h be (4 + -1)/(3/20). Suppose -36 = -w - 3*w. Suppose -3*k - w = 0, 2*s - k - 105 = 18. What is the highest common divisor of h and s?
20
Let s(i) = -5*i - 11. Let z(n) = 15*n + 33. Let v(a) = 7*s(a) + 2*z(a). Let l be v(-7). Let j = l + -21. Calculate the greatest common factor of j and 21.
3
Let a = -31 + 74. Suppose -u - 15 = -a. Suppose -3*f - 5*g - 13 = 0, 3*f + 6 = -4*g - 2. What is the highest common factor of f and u?
4
Suppose -2*i - 10 - 14 = 5*u, 0 = -i - 2*u - 10. Let t be (-1)/i - (-34)/4. Calculate the greatest common divisor of 1 and t.
1
Let d = -15 + 5. Let y be 28/(-3)*15/d. Let g be 79/7 - 4/y. Calculate the highest common divisor of g and 1.
1
Suppose 64*h - 68*h = -288. What is the highest common factor of 234 and h?
18
Suppose -3*p = -3*l - 12, 2*p - 8 - 16 = -2*l. What is the highest common divisor of p and 34?
2
Let g(f) = 22*f**2 + 51*f + 17. Let q be g(3). What is the highest common factor of q and 2?
2
Let j be -2 + (-2 - 0 - -76). Let i(n) = -24 - 3*n - 9*n + 17*n + 2*n**2. Let v be i(-6). Calculate the greatest common factor of v and j.
18
Let u = 1870 + -1046. Calculate the highest common factor of 16 and u.
8
Suppose 0 = -9*d - 20 - 151. Let c = 38 + d. What is the highest common divisor of 19 and c?
19
Suppose -l + 0 = -4. Suppose -q = 2*a - 50, -l*a + 7*a - 175 = -4*q. Let p be (1*3)/(15/50). What is the highest common factor of p and q?
10
Suppose 0*b - 194 = -2*b. Let n = b - 75. What is the greatest common divisor of n and 77?
11
Let p = 13 + -9. Suppose 63 = -p*k - 9. Let n be 2 - 2 - k/1. Calculate the highest common divisor of 18 and n.
18
Suppose -5*d - 42 = -19*d. Suppose 0 = 5*p - d*j - 215 - 0, 2*j - 30 = -p. Calculate the highest common factor of p and 20.
20
Suppose -8 = -5*v + 7, 3*o - 3*v = 411. Calculate the greatest common factor of 210 and o.
70
Let l = -3 - -3. Suppose 0 = 5*g - l*g + 3*u - 86, -5*g + 84 = 2*u. Let i = 103 - 23. Calculate the highest common divisor of i and g.
16
Suppose s + 1 - 3 = 0. Let j be (-22)/(-8) + ((-9)/12 - 0). Suppose -4*t + k + 83 = -0*t, j*t + 4*k - 64 = 0. Calculate the highest common divisor of t and s.
2
Let q = 1 + -2. Suppose -p - p = 4*g + 16, -5*p = g + 22. Let a be (34*q)/g - 1. What is the greatest common divisor of a and 48?
16
Suppose -2*h - 2*c = 24, -4*c + 1 = h + 19. Let a be (-26)/h - (-15)/(-25). Suppose 6 + 4 = 5*u. What is the greatest common divisor of a and u?
2
Let x(v) = -v**3 + 3*v**2 + 8*v + 6. Let k be 0 - 4 - (1 - 2). Let q be x(k). Let t = 25 + -13. Calculate the highest common divisor of q and t.
12
Suppose -7*i + 2*i = -20. Suppose -h = i*h - 1265. Suppose 0 = 2*a + a - r - h, -2*a + 4*r + 172 = 0. What is the greatest common factor of 21 and a?
21
Let l = -1642 + 1728. What is the highest common divisor of 10 and l?
2
Suppose -2*m = -0*m - 6. Su